e t + r = -2*r + 2134, 5*r - 10 = 0. Suppose t + 2456 = 24*z. What is the hundreds digit of z?
1
Suppose -2*y = -7*v - 95816, 0 = 5*y - 62*v + 66*v - 239411. What is the tens digit of y?
8
Let y be (-1)/2*(-2259 - 23). Suppose 5*l + 4*k = y, k + 4*k - 453 = -2*l. What is the hundreds digit of l?
2
Let l be (11/((-55)/(-50)))/(1/19). Suppose l = 4*q - 386. What is the tens digit of q?
4
Suppose 7915 = 5*b + 5*i, -5*i = -7*i - 10. Suppose a = -g + 396, -11*g + 7*g - 5*a + b = 0. What is the hundreds digit of g?
3
Let w(m) = 79*m**2 + m - 49. What is the ten thousands digit of w(12)?
1
Suppose -85*c + 91*c = -2076. Let q = 708 + c. What is the tens digit of q?
6
Suppose -2*j + 6 = -28. Suppose -j = -l - 5. Let w(x) = -x**2 + 19*x + 26. What is the tens digit of w(l)?
1
Suppose -2*x - 12 = -16. Suppose -x*d = d - 27. Suppose -564 = -5*m + 4*p + d, 339 = 3*m - 4*p. What is the tens digit of m?
1
Suppose 470*n + 2232 = 473*n + 5*l, -2*n = 3*l - 1490. What is the hundreds digit of n?
7
Suppose 3*a - 2058 = -3*v, -5*v + 3436 = 7*a - 4*a. Suppose -6*f + 2089 = -v. What is the tens digit of f?
6
Let i = -3 - -1. Let h be i*((-10)/4)/1. Suppose -6*k + 79 = -h*k. What is the units digit of k?
9
Let b be -409*(4 - (0 - -2)). Let m = -204 - b. What is the units digit of (-4)/(-30) - -2*m/15?
2
Suppose 44 = -3*g + 4*i, -5*i = g + g + 37. Let m = g - -28. What is the tens digit of (456/4)/(9/m*2)?
7
Let l = -36 - -43. Suppose 4*w = -y + 83, 2*w - l*w = -5*y - 85. Suppose 50 = w*g - 15*g. What is the units digit of g?
0
What is the thousands digit of (4/6)/((-342)/(-4073733))?
7
What is the tens digit of ((-66)/44)/((-9)/(-16)*8/(-14844))?
4
Suppose 6*a + 355 = -5. What is the units digit of 2/(-6) - 71720/a?
5
Let q(m) = 197*m**2 - 29*m - 133. What is the hundreds digit of q(-6)?
1
Let t(u) be the first derivative of 3*u**2/2 + 268*u + 98. What is the tens digit of t(-24)?
9
What is the thousands digit of (252918/(-396))/((-3)/42) + (-12)/22?
8
Let u = -225 + 1217. Let m be ((u/(-20))/4)/((-1)/(-5)). Let n = 142 + m. What is the tens digit of n?
8
Let l be 1 + ((-1)/(-3))/(6/(-18)). Suppose l*p = 5*p + 815. Let o = -89 - p. What is the units digit of o?
4
Let u be (64/10)/((-2)/(-60)). Suppose -4*p = 5*a - 960, 25*a - 24*a - u = -5*p. What is the units digit of a?
2
Suppose -296 - 62 = 3*h - 5*m, -4*h = 4*m + 488. Let c = 496 + h. What is the units digit of c?
5
Let b(i) = -356*i - 317. What is the thousands digit of b(-17)?
5
Let z(w) = 6733*w**3 - w**2 - 78*w + 79. What is the thousands digit of z(1)?
6
Let q = 455 - -4927. What is the units digit of q?
2
Suppose 2*a - 13 = -33. Let s = a + 23. Let h(w) = -w**2 + 16*w - 13. What is the tens digit of h(s)?
2
Suppose -45*m + 151070 = -221440. What is the hundreds digit of m?
2
Let u be (-54241)/44 - 1/4. Let r = -778 - u. What is the hundreds digit of r?
4
Let f = 4 + -2. Suppose f*x - 5 = -4*h + 15, 3*h = -2*x + 15. Suppose h*g - 150 = 2*g. What is the tens digit of g?
5
Suppose 5*l - 4*l = 0, 0 = 5*z + 3*l - 5. What is the units digit of (-24489)/(-108) + z/4?
7
Suppose -1424466 = -44*g - 72*g - 46*g. What is the units digit of g?
3
Let u(t) = -3*t**3 - t**2 - 18*t - 14. Let b be u(-7). Let r = -664 + b. What is the tens digit of r?
2
Suppose 5*k + 4*q - 58 = 0, -4*k + 11*q + 42 = 12*q. Suppose -k*c + 7132 = -5*c - 2*u, 4*c - 5707 = 3*u. What is the units digit of c?
6
Suppose 5*m = 8*m + 5*h + 842, m + 282 = -3*h. Let v = m + 424. What is the tens digit of v?
4
Suppose -3*i + 236 = 3*b - 5*i, 0 = -b - 2*i + 92. Let p = 2 - b. Let t = -55 - p. What is the units digit of t?
5
Let d = -388 - -413. Suppose -d*l = -6*l - 11780. What is the units digit of l?
0
Suppose 1182 = 83*t - 77*t. Suppose x - t = 301. What is the units digit of x?
8
Let i be -1*(9 + (-10 - -1)). Suppose 13*j + 2649 - 18392 = i. What is the thousands digit of j?
1
Let d(l) = 520*l - 1916. What is the units digit of d(16)?
4
Suppose 0 = -3*m + 5*u - 9512, u = -5*m - 3*u - 15915. Let c = -2243 - m. What is the hundreds digit of c?
9
Suppose -5*d + 17480 = 4*i, -5*i + 4*d + 22816 = 1007. What is the tens digit of i?
6
Suppose 0 = -22*i + 28*i. Suppose i = 4*n - 3*x + 7*x - 4552, 15 = 5*x. Suppose -q + n = 4*q. What is the units digit of q?
7
What is the units digit of 31190/(58/145 + 63/30)?
6
Let c(h) = 127*h - 5. Let t be c(1). Let d = t + -120. Suppose -3*b - 3*a = -a - 412, 0 = 4*b + d*a - 548. What is the tens digit of b?
3
Suppose -6*n = 189 - 687. Suppose 597 + n = 2*b. What is the tens digit of b?
4
Let v = -721 - -510. Let x = v - -284. What is the units digit of x?
3
What is the tens digit of 2124 + 40*(-4)/8?
0
Let m(v) = -2*v**3 - 9*v**2 - 10*v - 6. Let g be m(-6). Let p(d) = 47*d + 141. Let k be p(-2). Let u = g - k. What is the hundreds digit of u?
1
Let y(a) = -3*a + 546. Let k be (0/((-4)/(-2)))/(26 - 22). Let h be y(k). Suppose -l = 4*o + 93 - h, 2*l = 2. What is the tens digit of o?
1
Let t = 74059 - 49281. What is the ten thousands digit of t?
2
What is the thousands digit of -1*-2*(-1)/(-8) + (-35235486)/(-936)?
7
Suppose -4*u = 4*p - 79 + 459, 374 = -4*p + 2*u. Let h = -54 - p. What is the tens digit of h?
4
Suppose 0 = -2*b + 46*f - 50*f + 42900, -b + 21465 = 5*f. What is the tens digit of b?
4
What is the units digit of 52629 - (((-44)/7)/(-11))/(4/28)?
5
Suppose -2792 = -17*c - 31*c + 13528. What is the hundreds digit of c?
3
Let n = 144 + -120. Suppose n*y + 15 = 27*y. Suppose -5*l + 3*w - w + 1204 = 0, 0 = l - y*w - 227. What is the hundreds digit of l?
2
Let v = 12671 + -3175. What is the thousands digit of v?
9
Suppose 55*z - 1413809 - 1432895 + 1021914 = 0. What is the hundreds digit of z?
1
Let k be (-6)/24 - (-210)/8. Suppose -w = -2*y - 4, 3*w + 2*y - k = -w. What is the tens digit of 7/21 - (-214)/w?
3
Let b(g) = g**3 + 12*g**2 - 16*g - 13. Let k = -98 + 87. Let t be b(k). Suppose 3*v + 2*z = 214, z + 2*z = -4*v + t. What is the units digit of v?
4
Let n(u) = -50*u**2. Let s be n(1). Suppose 28*q - 1151 = 781. Let d = q + s. What is the units digit of d?
9
Let a(v) = -v**2 - 45*v - 167. Let t(u) = -8*u + 12. Let n be t(6). What is the units digit of a(n)?
7
Let i(u) = u. Let n be i(0). Suppose 5*v + 291 - 1161 = n. Suppose -6*a + 3*a = -v. What is the tens digit of a?
5
Let k(h) be the first derivative of 5*h**3/3 + 81*h**2/2 + 7*h - 220. What is the hundreds digit of k(5)?
5
What is the units digit of 5775712/392 + (-66)/(-1617)?
4
Let x(l) = 466*l + 229. Let p be x(-7). Let i = -1783 - p. What is the tens digit of i?
5
Suppose -4*j + 544 = -380. Suppose -5*x - 451 - j = -4*k, 0 = 3*k - 5*x - 509. Let d = -25 + k. What is the units digit of d?
8
Suppose 0 = 3*k + 5*y + 15824, 0*k - 5*k - 26398 = -4*y. Let z be (k/39)/(4/(-6)). Suppose -13*i + 1344 = -z. What is the tens digit of i?
1
Let x(p) = -18*p - 8. Suppose 46 + 26 = -3*r. Let z be r*(-1)/(-4 + 1). What is the units digit of x(z)?
6
Suppose -28*i = -1854 - 38970. Suppose 5*v - 1809 = 3*y, 7*y - 4*y - i = -4*v. What is the units digit of v?
3
Let d(v) be the third derivative of 0*v - 7*v**2 + 7/24*v**4 - 4/3*v**3 + 0. What is the tens digit of d(8)?
4
Let y = 701 + -716. Let p(d) = 2*d**2 - 6*d + 95. What is the units digit of p(y)?
5
Let n(v) = v**3 + 2*v**2 - 2*v + 5. Let j be n(0). Suppose -3*w = -6*w - j*s - 641, -w - 216 = 4*s. Let m = w + 309. What is the units digit of m?
7
Let z(k) = 272*k**2 - 12*k + 11. Suppose 2*t + 11 = 4*t + n, -2*t + 2*n + 14 = 0. Let u be 50/(-75)*t/(-4). What is the hundreds digit of z(u)?
2
Let a = 4 - 2. Let q = -17218 + 17202. What is the units digit of (5/10)/(a/q) - -32?
8
Let t(y) = -y**3 - 8*y**2 + y + 13. Let o be t(-8). Suppose o*r - 4*x + 0*x - 541 = 0, 0 = 4*r - 2*x - 428. What is the hundreds digit of r?
1
Suppose 3*x + 68794 - 8967 = 4*u, 0 = 3*u + 4*x - 44839. What is the thousands digit of u?
4
Let d be (7/(70/(-184)))/((-10)/(-325)). Let g = d - -1131. What is the units digit of g?
3
Let t(u) = 1017*u**2 - 30*u + 47. What is the thousands digit of t(2)?
4
Let w(t) = -365*t**2 - 1 + 119*t**2 + 165*t**2 - 2*t + 141*t**2. Let g(j) = j**3 - 10*j**2 - 11*j - 1. Let v be g(11). What is the units digit of w(v)?
1
Let v be (-4 - -48) + (-1 - -1) - 3. Suppose t = -v + 47. Let a(h) = 4*h**2 - 6*h - 5. What is t